visor of p and 17?
17
Let p be ((-14)/(-21))/((-2)/(-39)). What is the greatest common factor of p and 39?
13
Let k = 12 - 6. Let l be ((-33)/2)/(k/(-40)). What is the greatest common factor of l and 10?
10
Let w be (-5)/(-10)*45*8/5. Calculate the highest common factor of 24 and w.
12
Let n be (-5 + 2)/3*-40. Let r(z) = -42*z + 16*z + 1 - 5. Let w be r(-4). Calculate the greatest common divisor of w and n.
20
Suppose 4*t - 106 = 34. What is the greatest common factor of 5 and t?
5
Suppose 2*x - 101 = 207. What is the highest common factor of x and 14?
14
Let m(f) = -f + 15. Let y be m(8). Let j be (2/2)/((-1)/3). Let a = j + y. What is the highest common divisor of 1 and a?
1
Suppose s + 0*s = 6. Suppose 6*y - 4*y - s = 0. Suppose 0 = 8*l - 5*l - 45. Calculate the highest common divisor of l and y.
3
Let i be (1 - -1) + 0 + 45. Let w = i + 38. Calculate the highest common divisor of 34 and w.
17
Let c(t) = -t**3 + 8*t**2 - t + 21. Let b be c(8). What is the greatest common factor of b and 13?
13
Let o = 8 + -4. Suppose 3*d - d = o*f - 480, -f - 2*d = -130. Suppose 0 = -5*b + f + 128. What is the greatest common factor of b and 20?
10
Suppose -3*n - 45 = 2*n. Let f be (-6)/(-9) - 30/n. Suppose 3*j + f = 22. Calculate the highest common factor of j and 9.
3
Let u(j) = j - 4. Let h be u(5). Let y be h/2 + 102/12. Let d be ((-32)/(-6))/(3/y). What is the highest common factor of 144 and d?
16
Suppose 25 = 2*y + 3*y. Suppose -16 = f - 5*f + 2*b, -4 = -f + b. Let m(d) = 2*d**2 - 2*d + 1. Let w be m(f). Calculate the greatest common factor of w and y.
5
Suppose 0 = -3*k + f + 50, -5*k - 6*f = -f - 70. Let s(g) = -5*g**3 - g**2 + g + 1. Let m be s(-1). Calculate the greatest common factor of k and m.
4
Let z = -2 - -4. Suppose -z*s + 30 = -6. Suppose -2*n = -n - s. Calculate the highest common factor of n and 12.
6
Let x be (1 + -5)/(4/(-8)). Suppose 2*k + 0*k = -d + x, k - d = 10. Suppose 4*g + 2*m = 20, -g = g + 5*m + k. What is the greatest common factor of 28 and g?
7
Suppose 8*h - 143 = 1441. Calculate the greatest common factor of h and 22.
22
Suppose -3*q + 4*q = 5*o - 501, 408 = 4*o + q. Suppose -21 + o = 2*d. Calculate the greatest common divisor of 16 and d.
8
Suppose 3*x = 2*x + 17. Let j(w) = -17*w**3 - w**2 - w. Let i be j(-1). Calculate the greatest common factor of x and i.
17
Suppose p - n - 7 = 0, 5*n = 3*p - 39 + 8. Calculate the greatest common factor of 22 and p.
2
Let p(g) = g**2 - 2*g + 2. Let x(d) = -d + 5 + 1 - 3. Let i be x(0). Let t be p(i). What is the greatest common factor of 10 and t?
5
Let q(c) = 5*c**3 - 2*c**2 + c. Let v be q(1). Suppose -5*f - 50 = -v*i, f = 3*i - f - 34. Calculate the greatest common divisor of i and 2.
2
Let r(s) = -s**2 - s - 24. Let n be r(0). Let v = n - -41. What is the greatest common factor of 136 and v?
17
Let y be (26/(-3))/(6/(-18)). Calculate the highest common divisor of 52 and y.
26
Let w be 2 - 2 - (0 - -1). Let m be (1*-29 + w)/(-1). Let l = 218 + -143. What is the greatest common divisor of m and l?
15
Let p be 114*(1 + 0) - -1. Let l = -55 + p. Let j(s) = 14*s**2 + 1. Let d be j(-1). What is the highest common factor of d and l?
15
Let q = -4 + 8. Suppose 5*x = h + q, 2*h - 6*h - 16 = -x. Let v = h - -20. Calculate the greatest common divisor of v and 4.
4
Suppose 4*g = -5*y - 0 + 12, -g = -4*y - 3. Let h be (-55)/(-4) - g/(-12). Let m = h - 5. Calculate the greatest common factor of 18 and m.
9
Suppose -66 = -3*q + 24. Suppose -10 = -3*w + 26. Calculate the highest common factor of q and w.
6
Let s(o) = 76*o**2 + o - 1. Let c be s(-1). What is the greatest common factor of 185 and c?
37
Let g = 0 - -2. Let d = 3 + -1. Suppose w = 5*n - 85, -n - 3*w = 1 - d. Calculate the highest common divisor of g and n.
2
Let t be (-6)/(-39) - (-1375)/(-65). Let o = t + 27. Calculate the highest common divisor of o and 2.
2
Suppose 0 = -2*f + 3*f + 33. Let k = f - -46. Suppose k = 4*i + y, 8*y - 5*y = -9. Calculate the greatest common factor of 4 and i.
4
Suppose 10*k = 2*k + 520. Calculate the greatest common factor of 26 and k.
13
Suppose 0 = f - 5*i + 1, -2*f + 3*i + 17 = 3*f. Calculate the greatest common divisor of f and 10.
2
Suppose 47 + 118 = 5*p. Suppose 18 - 150 = -4*r. Let b be (5/(-15))/((-1)/r). What is the greatest common factor of b and p?
11
Let b = 12 - 8. Suppose -3*m - 3*y = -0*y - 54, -m + b*y + 28 = 0. Let n = 255 - 175. Calculate the highest common divisor of n and m.
20
Let a = -15 + 71. What is the greatest common factor of 14 and a?
14
Suppose 6 = 5*w - 4. Suppose w = p - 0*p. Let t be ((-10)/3)/(p/(-48)). Calculate the greatest common divisor of t and 8.
8
Let z be (18/5)/(1/5). Let w(u) = -8*u + 117. Let p be w(9). What is the highest common factor of p and z?
9
Suppose -j + 10 = -2. Let y = j - 4. Calculate the highest common divisor of 24 and y.
8
Let z(w) = w**3 + 8*w**2 + 4*w + 6. Let g be z(-6). What is the highest common divisor of 6 and g?
6
Let i = 2060 - 1376. Let q(h) = h**2 - 18*h + 3. Let j be q(18). Suppose i = j*s + s. What is the greatest common factor of s and 19?
19
Suppose n = -3, -f - 4*n = -2*f + 25. Suppose 4*l - 3 = f. Let k be 2 - (-7 + l/2). Calculate the highest common factor of k and 77.
7
Let r(s) = -s**2 - 9*s + 7. Let w(a) = a - 8. Let j be w(0). Let v be r(j). Let p be ((-6)/(-18))/((-2)/(-30)). What is the highest common divisor of p and v?
5
Let f be (-3)/(-6)*-4*-1. Calculate the greatest common divisor of f and 10.
2
Let d be 3 - 5 - -36*1. Calculate the greatest common factor of 51 and d.
17
Let o be 1/(-3)*(3 - 15). Let j be 24/(-2) + o/2. Let y = 28 + j. Calculate the highest common divisor of 9 and y.
9
Suppose 5*v + 175 = -2*i, 3*v + 6*i = 2*i - 119. Let o = -22 - v. Calculate the highest common divisor of o and 44.
11
Let r be (-3)/(2/8 + -1). Suppose 6 = 2*m, -r*m = -q - m + 41. What is the greatest common factor of q and 125?
25
Let r = 149 - 37. Calculate the greatest common divisor of r and 28.
28
Suppose -5*v + 14 = 4. Suppose p = z - 2, -5*z + v*p + 12 = -z. Let s be ((-4)/6)/(1/(-3)). What is the greatest common divisor of s and z?
2
Let l = 378 + -364. Suppose -4*n + n = -84. Calculate the greatest common divisor of n and l.
14
Let g be (-40)/(-6) - 2/(-6). Let z = 11 - 10. Calculate the greatest common factor of g and z.
1
Let l(v) = -v**2 + 9*v - 3. Let d be l(4). Suppose -m + 4 = -d. Suppose q - 14 = -0*q. Calculate the highest common divisor of q and m.
7
Let r be (1 + -6)*(6 - 11)*8. Calculate the greatest common divisor of 80 and r.
40
Let n be 14/(-10) + 2/5. Let t be (2/5)/(n/(-75)). What is the greatest common factor of t and 5?
5
Let n(l) = -l**2 + 12*l + 3. Let r be n(12). Suppose 6*u - u + r*h - 1065 = 0, -u - 3*h + 201 = 0. What is the highest common divisor of u and 27?
27
Suppose 26*h + 8 = 28*h. Suppose -l + 8 = -2*v, 2*v - 7*v = -l - 4. What is the highest common divisor of l and h?
4
Suppose -o = -4*o. Suppose o*t = -5*z + 2*t - 534, -3*z - 330 = 2*t. Let h = -60 - z. Calculate the greatest common divisor of 16 and h.
16
Let y be (-1)/(1 + (-2 - -2)). Let p = -1 - -6. Let u = y + p. What is the highest common divisor of u and 16?
4
Let q(m) = m**3 + 10*m**2 + 8*m + 2. Let u be q(-8). What is the highest common factor of 44 and u?
22
Let x be ((-8)/10)/((-8)/20). Let r(c) = c**3 + 9*c**2 + 3*c - 18. Let p be r(-8). Calculate the greatest common factor of p and x.
2
Suppose x - 14 = -0*x. Let k be ((70/1)/(-5))/(3/(-18)). What is the greatest common divisor of k and x?
14
Let v = 99 + -87. What is the highest common factor of 156 and v?
12
Let b = 49 + -43. What is the greatest common factor of 66 and b?
6
Let j(u) = -u**2 + 8*u. Let t be j(8). Suppose t = 5*a - 4*a - 81. Let k be 1/((12/a)/4). Calculate the greatest common divisor of 9 and k.
9
Let z = 14 - 5. Calculate the greatest common divisor of 36 and z.
9
Let b be ((-2)/2)/((-15)/(-16) - 1). What is the greatest common divisor of 16 and b?
16
Let f be (0 + 1)*(-1 + 7). Let x be (7 + -1)/(9/6). Suppose x*h - 4 = 20. What is the highest common factor of h and f?
6
Let x be (-4 + 25)*(1 - -2). Suppose 2*j = x - 21. Calculate the highest common factor of 3 and j.
3
Let j(x) = -3*x - 3. Let o be j(-5). Suppose 5*w - o = 3*w. What is the greatest com